{"id":3386,"date":"2024-04-04T21:52:53","date_gmt":"2024-04-05T03:52:53","guid":{"rendered":"https:\/\/vitaminaspremium.com\/?post_type=product&#038;p=3386"},"modified":"2025-07-08T09:44:10","modified_gmt":"2025-07-08T15:44:10","slug":"sudagrip-balsamico-ampolla-inyectable-alivio-a-los-sintomas-de-la-gripe","status":"publish","type":"product","link":"https:\/\/vitaminaspremium.com\/index.php\/producto\/sudagrip-balsamico-ampolla-inyectable-alivio-a-los-sintomas-de-la-gripe\/","title":{"rendered":"Sudagrip Balsamico Ampolla Inyectable &#8211; Alivio a los sintomas de la gripe"},"content":{"rendered":"<p><span style=\"color: #000000;\">Este medicamento tiene una acci\u00f3n antiviral y descongestionante, lo que ayuda a aliviar los s\u00edntomas y acelerar la recuperaci\u00f3n.<\/span><\/p>\n<p><span style=\"color: #000000;\">No debe administrarse a personas que tienen antecedentes de enfermedad mental o nerviosa, como convulsiones, epilepsia o depresi\u00f3n. Tampoco debe administrarse a personas con trastornos del h\u00edgado o del ri\u00f1\u00f3n, glaucoma, crecimiento prost\u00e1tico o aquellos que est\u00e9n en tratamiento con medicamentos para el sistema nervioso.<\/span><\/p>\n<p><span style=\"color: #000000;\">Es importante consultar con un m\u00e9dico antes de usar este medicamento, especialmente si se tiene alguna condici\u00f3n m\u00e9dica preexistente o se est\u00e1 tomando otros medicamentos.<\/span><\/p>\n<p><span style=\"color: #000000;\">Recuerde que es importante seguir las indicaciones de uso y consultar a un m\u00e9dico antes de comenzar cualquier tratamiento.<\/span><\/p>\n","protected":false},"excerpt":{"rendered":"<p><strong><span style=\"color: #000000;\">Sudagrip Balsamico Ampolla Inyectable &#8211; 3 Pack<\/span><\/strong><\/p>\n<p><span style=\"color: #000000;\">Medicamento antigripal que viene en un paquete de 3 ampollas. <\/span><\/p>\n<p><span style=\"color: #000000;\">Cada ampolla contiene una combinaci\u00f3n de ingredientes activos que ayudan a aliviar los s\u00edntomas de los estados gripales severos. <\/span><\/p>\n<p><span style=\"color: #000000;\">Estos ingredientes incluyen:<\/span><\/p>\n<ul>\n<li><span style=\"color: #000000;\">Maleato de clorfeniramina 8.00mg<\/span><\/li>\n<li><span style=\"color: #000000;\">Metamizol 500.00mg<\/span><\/li>\n<li><span style=\"color: #000000;\">A.B.O.B. (Moroxidina)<\/span><\/li>\n<li><span style=\"color: #000000;\">Fenilefrina HCl 3.00mg<\/span><\/li>\n<li><span style=\"color: #000000;\">Guayacolato de glicerilo 200.00mg<\/span><\/li>\n<\/ul>\n<p><strong><span style=\"color: #000000;\">Indicaciones<\/span><\/strong><\/p>\n<p><span style=\"color: #000000;\">El Sudagrip Balsamico Ampolla Inyectable est\u00e1 indicado para el tratamiento de estados gripales severos que presentan los siguientes s\u00edntomas:<\/span><\/p>\n<ul>\n<li><span style=\"color: #000000;\">Congesti\u00f3n nasal<\/span><\/li>\n<li><span style=\"color: #000000;\">Tos con flema<\/span><\/li>\n<li><span style=\"color: #000000;\">Fiebre<\/span><\/li>\n<li><span style=\"color: #000000;\">Rinitis severa<\/span><\/li>\n<li><span style=\"color: #000000;\">Dolor de cabeza<\/span><\/li>\n<li><span style=\"color: #000000;\">Dolor corporal<\/span><\/li>\n<\/ul>\n<p><span style=\"color: #000000;\">Realizamos env\u00edos a Estados Unidos, Puerto Rico, Canad\u00e1, M\u00e9xico y otros pa\u00edses. <\/span><\/p>\n<p><span style=\"color: #000000;\">Los precios de los productos se encuentran en d\u00f3lares americanos.<\/span><\/p>\n","protected":false},"featured_media":3387,"comment_status":"open","ping_status":"closed","template":"","meta":{"_kad_post_transparent":"","_kad_post_title":"","_kad_post_layout":"","_kad_post_sidebar_id":"","_kad_post_content_style":"","_kad_post_vertical_padding":"","_kad_post_feature":"","_kad_post_feature_position":"","_kad_post_header":false,"_kad_post_footer":false},"product_brand":[],"product_cat":[520,2276,85,517,194,174,379],"product_tag":[2248,2292,2290,2289,2291],"class_list":{"0":"post-3386","1":"product","2":"type-product","3":"status-publish","4":"has-post-thumbnail","6":"product_cat-ampolla-intramuscular","7":"product_cat-antigripal","8":"product_cat-inyeccion","9":"product_cat-inyectables","10":"product_cat-laboratorios-paill","11":"product_cat-medicamentos","12":"product_cat-medicina","13":"product_tag-aliviar-sintomas","14":"product_tag-envios-internacionales","15":"product_tag-medicamento-antigripal","16":"product_tag-sudagrip-balsamico-ampolla-inyectable","17":"product_tag-tratamiento-gripal","19":"first","20":"instock","21":"shipping-taxable","22":"purchasable","23":"product-type-simple","24":"entry","25":"content-bg","26":"loop-entry"},"_links":{"self":[{"href":"https:\/\/vitaminaspremium.com\/index.php\/wp-json\/wp\/v2\/product\/3386","targetHints":{"allow":["GET"]}}],"collection":[{"href":"https:\/\/vitaminaspremium.com\/index.php\/wp-json\/wp\/v2\/product"}],"about":[{"href":"https:\/\/vitaminaspremium.com\/index.php\/wp-json\/wp\/v2\/types\/product"}],"replies":[{"embeddable":true,"href":"https:\/\/vitaminaspremium.com\/index.php\/wp-json\/wp\/v2\/comments?post=3386"}],"wp:featuredmedia":[{"embeddable":true,"href":"https:\/\/vitaminaspremium.com\/index.php\/wp-json\/wp\/v2\/media\/3387"}],"wp:attachment":[{"href":"https:\/\/vitaminaspremium.com\/index.php\/wp-json\/wp\/v2\/media?parent=3386"}],"wp:term":[{"taxonomy":"product_brand","embeddable":true,"href":"https:\/\/vitaminaspremium.com\/index.php\/wp-json\/wp\/v2\/product_brand?post=3386"},{"taxonomy":"product_cat","embeddable":true,"href":"https:\/\/vitaminaspremium.com\/index.php\/wp-json\/wp\/v2\/product_cat?post=3386"},{"taxonomy":"product_tag","embeddable":true,"href":"https:\/\/vitaminaspremium.com\/index.php\/wp-json\/wp\/v2\/product_tag?post=3386"}],"curies":[{"name":"wp","href":"https:\/\/api.w.org\/{rel}","templated":true}]}}