{"id":3396,"date":"2024-04-07T21:58:20","date_gmt":"2024-04-08T03:58:20","guid":{"rendered":"https:\/\/vitaminaspremium.com\/?post_type=product&#038;p=3396"},"modified":"2025-07-08T09:44:11","modified_gmt":"2025-07-08T15:44:11","slug":"descubre-el-potente-doceplex-25000-inyectable","status":"publish","type":"product","link":"https:\/\/vitaminaspremium.com\/index.php\/producto\/descubre-el-potente-doceplex-25000-inyectable\/","title":{"rendered":"Descubre el potente Doceplex 25,000 inyectable!"},"content":{"rendered":"<p><span style=\"color: #000000;\"><strong>\u00bfC\u00f3mo se administra el Doceplex 25,000 inyectable?<\/strong><\/span><\/p>\n<p><span style=\"color: #000000;\">Antes de comenzar a administrar el Doceplex 25,000 inyectable, es importante que consultes a un m\u00e9dico. <\/span><\/p>\n<p><span style=\"color: #000000;\">Sin embargo, en caso de no contar con una prescripci\u00f3n m\u00e9dica, te recomendamos seguir las siguientes indicaciones:<\/span><\/p>\n<p><span style=\"color: #000000;\">&#8211; Administrar de dos a tres inyecciones v\u00eda intramuscular como inicio de tratamiento durante la primera semana.<\/span><\/p>\n<p><span style=\"color: #000000;\">&#8211; Continuar con una ampolla semanal durante un mes.<\/span><\/p>\n<p><span style=\"color: #000000;\">&#8211; En casos graves, se puede administrar una inyecci\u00f3n diaria por v\u00eda intramuscular durante cinco d\u00edas.<\/span><\/p>\n<p><span style=\"color: #000000;\"><strong>Contenido y presentaci\u00f3n del Doceplex 25,000 inyectable<\/strong><\/span><\/p>\n<p><span style=\"color: #000000;\">Doceplex 25,000 inyectable contiene una combinaci\u00f3n poderosa de vitaminas B1, B6 y B12, las cuales act\u00faan de manera r\u00e1pida y efectiva para aliviar los s\u00edntomas mencionados anteriormente. <\/span><\/p>\n<p><span style=\"color: #000000;\">Cada inyecci\u00f3n contiene:<\/span><\/p>\n<p><span style=\"color: #000000;\">&#8211; B1 Tiamina HCL: 150 mg<\/span><\/p>\n<p><span style=\"color: #000000;\">&#8211; B6 Piridoxina: 100 mg<\/span><\/p>\n<p><span style=\"color: #000000;\">&#8211; B12 Cianocobalamina, vitamina de acci\u00f3n r\u00e1pida: 5,000 mg<\/span><\/p>\n<p><span style=\"color: #000000;\">&#8211; B12a Hidroxocobalamina, vitamina de acci\u00f3n prolongada: 20,000 mg<\/span><\/p>\n<p><span style=\"color: #000000;\">Realizamos env\u00edos a Estados Unidos, Puerto Rico, Canad\u00e1, M\u00e9xico y otros pa\u00edses.<\/span><\/p>\n","protected":false},"excerpt":{"rendered":"<p><span style=\"color: #000000;\"><strong>\u00a1Descubre el potente Doceplex 25,000 inyectable!<\/strong><\/span><\/p>\n<p><em><span style=\"color: #ff0000;\"><strong>Precio tripack (3 inyecciones)<\/strong><\/span><\/em><\/p>\n<p><span style=\"color: #000000;\">Si est\u00e1s buscando un tratamiento efectivo para enfermedades del sistema nervioso central y perif\u00e9rico, as\u00ed como para tratar la carencia de vitaminas B1, B6 y B12, no busques m\u00e1s. <\/span><\/p>\n<p><span style=\"color: #000000;\">Doceplex 25,000 inyectable es la soluci\u00f3n que necesitas.<\/span><\/p>\n<p><span style=\"color: #000000;\">Doceplex 25,000 inyectable es un tratamiento vers\u00e1til que puede ayudarte a aliviar una amplia variedad de s\u00edntomas y afecciones relacionadas con el sistema nervioso. <\/span><\/p>\n<p><span style=\"color: #000000;\">Algunas de las indicaciones m\u00e1s comunes incluyen:<\/span><\/p>\n<p><span style=\"color: #000000;\">&#8211; P\u00e9rdida de la memoria y de la capacidad de concentraci\u00f3n.<\/span><\/p>\n<p><span style=\"color: #000000;\">&#8211; Insomnio y dificultades para conciliar el sue\u00f1o.<\/span><\/p>\n<p><span style=\"color: #000000;\">&#8211; Alucinaciones y desorientaci\u00f3n.<\/span><\/p>\n<p><span style=\"color: #000000;\">&#8211; Delirios y afecciones psic\u00f3ticas de origen carencial.<\/span><\/p>\n<p><span style=\"color: #000000;\">&#8211; Surmenage (agotamiento intelectual).<\/span><\/p>\n<p><span style=\"color: #000000;\">&#8211; Neuralgias, neuritis y dolores lumbares.<\/span><\/p>\n<p><span style=\"color: #000000;\">&#8211; Par\u00e1lisis facial y herpes z\u00f3ster.<\/span><\/p>\n<p><span style=\"color: #000000;\">&#8211; Neuritis alcoh\u00f3lica y s\u00edndrome de Korsakoff relacionados con intoxicaci\u00f3n por drogas y alcoholismo.<\/span><\/p>\n<p><span style=\"color: #000000;\">No pierdas m\u00e1s tiempo sufriendo los s\u00edntomas de enfermedades del sistema nervioso. <\/span><\/p>\n<p><span style=\"color: #000000;\">\u00a1Ordena tu tripack de Doceplex 25,000 inyectable hoy mismo y comienza a sentirte mejor!<\/span><\/p>\n<p>&nbsp;<\/p>\n","protected":false},"featured_media":3398,"comment_status":"open","ping_status":"closed","template":"","meta":{"_kad_post_transparent":"","_kad_post_title":"","_kad_post_layout":"","_kad_post_sidebar_id":"","_kad_post_content_style":"","_kad_post_vertical_padding":"","_kad_post_feature":"","_kad_post_feature_position":"","_kad_post_header":false,"_kad_post_footer":false},"product_brand":[],"product_cat":[1897,85,517,242,307,245],"product_tag":[2298,2275,2300,2297,2299,2301,416],"class_list":{"0":"post-3396","1":"product","2":"type-product","3":"status-publish","4":"has-post-thumbnail","6":"product_cat-antiestres","7":"product_cat-inyeccion","8":"product_cat-inyectables","9":"product_cat-laboratorios-vijosa","10":"product_cat-todo-dolor-y-vitaminas","11":"product_cat-vitaminas-y-suplementos","12":"product_tag-000-inyectable","13":"product_tag-alivio-de-sintomas","14":"product_tag-b6-y-b12","15":"product_tag-doceplex-25","16":"product_tag-tratamiento-de-enfermedades-del-sistema-nervioso","17":"product_tag-tratamiento-inyectable","18":"product_tag-vitaminas-b1","20":"first","21":"instock","22":"shipping-taxable","23":"purchasable","24":"product-type-simple","25":"entry","26":"content-bg","27":"loop-entry"},"_links":{"self":[{"href":"https:\/\/vitaminaspremium.com\/index.php\/wp-json\/wp\/v2\/product\/3396","targetHints":{"allow":["GET"]}}],"collection":[{"href":"https:\/\/vitaminaspremium.com\/index.php\/wp-json\/wp\/v2\/product"}],"about":[{"href":"https:\/\/vitaminaspremium.com\/index.php\/wp-json\/wp\/v2\/types\/product"}],"replies":[{"embeddable":true,"href":"https:\/\/vitaminaspremium.com\/index.php\/wp-json\/wp\/v2\/comments?post=3396"}],"wp:featuredmedia":[{"embeddable":true,"href":"https:\/\/vitaminaspremium.com\/index.php\/wp-json\/wp\/v2\/media\/3398"}],"wp:attachment":[{"href":"https:\/\/vitaminaspremium.com\/index.php\/wp-json\/wp\/v2\/media?parent=3396"}],"wp:term":[{"taxonomy":"product_brand","embeddable":true,"href":"https:\/\/vitaminaspremium.com\/index.php\/wp-json\/wp\/v2\/product_brand?post=3396"},{"taxonomy":"product_cat","embeddable":true,"href":"https:\/\/vitaminaspremium.com\/index.php\/wp-json\/wp\/v2\/product_cat?post=3396"},{"taxonomy":"product_tag","embeddable":true,"href":"https:\/\/vitaminaspremium.com\/index.php\/wp-json\/wp\/v2\/product_tag?post=3396"}],"curies":[{"name":"wp","href":"https:\/\/api.w.org\/{rel}","templated":true}]}}