{"id":3462,"date":"2024-05-15T16:38:24","date_gmt":"2024-05-15T22:38:24","guid":{"rendered":"https:\/\/vitaminaspremium.com\/?post_type=product&#038;p=3462"},"modified":"2025-07-08T09:44:13","modified_gmt":"2025-07-08T15:44:13","slug":"amoxicilina-500mg-saimed-tratamiento-efectivo-para-infecciones-bacterianas","status":"publish","type":"product","link":"https:\/\/vitaminaspremium.com\/index.php\/producto\/amoxicilina-500mg-saimed-tratamiento-efectivo-para-infecciones-bacterianas\/","title":{"rendered":"Amoxicilina 500mg Saimed: Tratamiento Efectivo para Infecciones Bacterianas"},"content":{"rendered":"<p><span style=\"color: #000000;\">La amoxicilina pertenece a la clase de antibi\u00f3ticos conocidos como \u00abmedicamentos similares\u00bb a la penicilina. <\/span><\/p>\n<p><span style=\"color: #000000;\">Su funcionamiento se basa en detener el crecimiento de las bacterias, lo que contribuye a combatir y eliminar la infecci\u00f3n presente en el organismo.<\/span><\/p>\n<p><span style=\"color: #000000;\">La dosis habitual de la amoxicilina 500mg Saimed consiste en tomarla cada 12 horas (dos veces al d\u00eda) o cada 8 horas (tres veces al d\u00eda), con o sin alimentos. <\/span><\/p>\n<p><span style=\"color: #000000;\">Es recomendable ingerir el medicamento a la misma hora todos los d\u00edas para facilitar su recordatorio y mantener la regularidad en el tratamiento. <\/span><\/p>\n<p><span style=\"color: #000000;\">Es importante destacar que los antibi\u00f3ticos, incluida la amoxicilina, no tienen efecto sobre infecciones virales como resfriados o la gripe.<\/span><\/p>\n","protected":false},"excerpt":{"rendered":"<p><span style=\"color: #000000;\">El dispensador de 100 c\u00e1psulas de amoxicilina 500mg Saimed es un medicamento utilizado para tratar diversas infecciones causadas por bacterias. <\/span><\/p>\n<p><span style=\"color: #000000;\">La amoxicilina es efectiva en el tratamiento de afecciones como neumon\u00eda, bronquitis, gonorrea, infecciones de los o\u00eddos, nariz, garganta, v\u00edas urinarias y la piel. <\/span><\/p>\n<p><span style=\"color: #000000;\">Adem\u00e1s, se emplea en combinaci\u00f3n con otros medicamentos para erradicar H. pylori, la bacteria responsable de las \u00falceras.<\/span><\/p>\n","protected":false},"featured_media":3464,"comment_status":"open","ping_status":"closed","template":"","meta":{"_kad_post_transparent":"","_kad_post_title":"","_kad_post_layout":"","_kad_post_sidebar_id":"","_kad_post_content_style":"","_kad_post_vertical_padding":"","_kad_post_feature":"","_kad_post_feature_position":"","_kad_post_header":false,"_kad_post_footer":false},"product_brand":[],"product_cat":[175,309,74],"product_tag":[2341,2343,2344,120,2342],"class_list":{"0":"post-3462","1":"product","2":"type-product","3":"status-publish","4":"has-post-thumbnail","6":"product_cat-antibioticos","7":"product_cat-capsulas","8":"product_cat-laboratorios-saimed","9":"product_tag-amoxicilina-500mg","10":"product_tag-antibiotico-de-amplio-espectro","11":"product_tag-dosis-recomendada","12":"product_tag-efectos-secundarios","13":"product_tag-tratamiento-infecciones-bacterianas","15":"first","16":"instock","17":"shipping-taxable","18":"purchasable","19":"product-type-simple","20":"entry","21":"content-bg","22":"loop-entry"},"_links":{"self":[{"href":"https:\/\/vitaminaspremium.com\/index.php\/wp-json\/wp\/v2\/product\/3462","targetHints":{"allow":["GET"]}}],"collection":[{"href":"https:\/\/vitaminaspremium.com\/index.php\/wp-json\/wp\/v2\/product"}],"about":[{"href":"https:\/\/vitaminaspremium.com\/index.php\/wp-json\/wp\/v2\/types\/product"}],"replies":[{"embeddable":true,"href":"https:\/\/vitaminaspremium.com\/index.php\/wp-json\/wp\/v2\/comments?post=3462"}],"wp:featuredmedia":[{"embeddable":true,"href":"https:\/\/vitaminaspremium.com\/index.php\/wp-json\/wp\/v2\/media\/3464"}],"wp:attachment":[{"href":"https:\/\/vitaminaspremium.com\/index.php\/wp-json\/wp\/v2\/media?parent=3462"}],"wp:term":[{"taxonomy":"product_brand","embeddable":true,"href":"https:\/\/vitaminaspremium.com\/index.php\/wp-json\/wp\/v2\/product_brand?post=3462"},{"taxonomy":"product_cat","embeddable":true,"href":"https:\/\/vitaminaspremium.com\/index.php\/wp-json\/wp\/v2\/product_cat?post=3462"},{"taxonomy":"product_tag","embeddable":true,"href":"https:\/\/vitaminaspremium.com\/index.php\/wp-json\/wp\/v2\/product_tag?post=3462"}],"curies":[{"name":"wp","href":"https:\/\/api.w.org\/{rel}","templated":true}]}}