{"id":3467,"date":"2024-05-15T18:19:34","date_gmt":"2024-05-16T00:19:34","guid":{"rendered":"https:\/\/vitaminaspremium.com\/?post_type=product&#038;p=3467"},"modified":"2025-07-08T09:44:13","modified_gmt":"2025-07-08T15:44:13","slug":"dolo-neurobion-n-tabletas-recubiertas-para-tratar-dolores","status":"publish","type":"product","link":"https:\/\/vitaminaspremium.com\/index.php\/producto\/dolo-neurobion-n-tabletas-recubiertas-para-tratar-dolores\/","title":{"rendered":"Dolo Neurobion N Tabletas recubiertas para tratar dolores"},"content":{"rendered":"<p><span style=\"color: #000000;\">Dolo Neurobion N es un medicamento en forma de tabletas recubiertas. <\/span><\/p>\n<p><span style=\"color: #000000;\">Est\u00e1 dise\u00f1ado para tratar estados dolorosos y doloroso-inflamatorios de diversas causas, as\u00ed como formas degenerativas de actividad inflamatoria e inflamatoria dolorosa del reumatismo. <\/span><\/p>\n<p><span style=\"color: #000000;\">Algunos ejemplos de estas condiciones incluyen artrosis, espondiloartrosis, poliartritis cr\u00f3nica, espondilitis anquilosante, ataque agudo de gota y reumatismo extraarticular.<\/span><\/p>\n<p><span style=\"color: #000000;\">El Dolo Neurobion N se administra por v\u00eda oral. <\/span><\/p>\n<p><span style=\"color: #000000;\">Las dosis recomendadas son las siguientes:<\/span><\/p>\n<p><span style=\"color: #000000;\"><strong>Dosis para adultos:<\/strong> Los adultos pueden tomar una c\u00e1psula de Dolo Neurobion N, de 1 a 3 veces diarias, seg\u00fan las indicaciones de un profesional de la salud.<\/span><\/p>\n<p><span style=\"color: #000000;\"><strong>Dosis para ni\u00f1os:<\/strong> Debido a su elevado contenido de diclofenaco, no est\u00e1 indicado en ni\u00f1os menores de 6 a\u00f1os. Se debe seguir estrictamente la dosis recomendada por un m\u00e9dico para los ni\u00f1os.<\/span><\/p>\n","protected":false},"excerpt":{"rendered":"<p><span style=\"color: #000000;\">Dolo Neurobion N est\u00e1 indicado para tratar una variedad de condiciones dolorosas y doloroso-inflamatorias. <\/span><\/p>\n<p><span style=\"color: #000000;\">Estas incluyen, pero no se limitan a:<\/span><\/p>\n<ul>\n<li><span style=\"color: #000000;\">Estados dolorosos de diversas causas<\/span><\/li>\n<li><span style=\"color: #000000;\">Formas degenerativas de actividad inflamatoria<\/span><\/li>\n<li><span style=\"color: #000000;\">Inflamatoria dolorosa del reumatismo, como artrosis, espondiloartrosis, poliartritis cr\u00f3nica, espondilitis anquilosante, ataque agudo de gota y reumatismo extraarticular<\/span><\/li>\n<\/ul>\n<p>&nbsp;<\/p>\n","protected":false},"featured_media":3469,"comment_status":"open","ping_status":"closed","template":"","meta":{"_kad_post_transparent":"","_kad_post_title":"","_kad_post_layout":"","_kad_post_sidebar_id":"","_kad_post_content_style":"","_kad_post_vertical_padding":"","_kad_post_feature":"","_kad_post_feature_position":"","_kad_post_header":false,"_kad_post_footer":false},"product_brand":[],"product_cat":[51,433,539,333,86,307],"product_tag":[70,644,1607,647,56,2345,61,555],"class_list":{"0":"post-3467","1":"product","2":"type-product","3":"status-publish","4":"has-post-thumbnail","6":"product_cat-artritis","7":"product_cat-artritis-artrosis-reuma","8":"product_cat-merck","9":"product_cat-tabletas-recubiertas","10":"product_cat-todo-dolor","11":"product_cat-todo-dolor-y-vitaminas","12":"product_tag-artrosis","13":"product_tag-dolo-neurobion","14":"product_tag-dolo-neurobion-n","15":"product_tag-dolo-neurobion-original-el-salvador","16":"product_tag-dolor","17":"product_tag-espondiloartrosis","18":"product_tag-inflamacion","19":"product_tag-reumatismo","21":"first","22":"instock","23":"shipping-taxable","24":"purchasable","25":"product-type-simple","26":"entry","27":"content-bg","28":"loop-entry"},"_links":{"self":[{"href":"https:\/\/vitaminaspremium.com\/index.php\/wp-json\/wp\/v2\/product\/3467","targetHints":{"allow":["GET"]}}],"collection":[{"href":"https:\/\/vitaminaspremium.com\/index.php\/wp-json\/wp\/v2\/product"}],"about":[{"href":"https:\/\/vitaminaspremium.com\/index.php\/wp-json\/wp\/v2\/types\/product"}],"replies":[{"embeddable":true,"href":"https:\/\/vitaminaspremium.com\/index.php\/wp-json\/wp\/v2\/comments?post=3467"}],"wp:featuredmedia":[{"embeddable":true,"href":"https:\/\/vitaminaspremium.com\/index.php\/wp-json\/wp\/v2\/media\/3469"}],"wp:attachment":[{"href":"https:\/\/vitaminaspremium.com\/index.php\/wp-json\/wp\/v2\/media?parent=3467"}],"wp:term":[{"taxonomy":"product_brand","embeddable":true,"href":"https:\/\/vitaminaspremium.com\/index.php\/wp-json\/wp\/v2\/product_brand?post=3467"},{"taxonomy":"product_cat","embeddable":true,"href":"https:\/\/vitaminaspremium.com\/index.php\/wp-json\/wp\/v2\/product_cat?post=3467"},{"taxonomy":"product_tag","embeddable":true,"href":"https:\/\/vitaminaspremium.com\/index.php\/wp-json\/wp\/v2\/product_tag?post=3467"}],"curies":[{"name":"wp","href":"https:\/\/api.w.org\/{rel}","templated":true}]}}